{"version":"1.0","provider_name":"le Mag Business","provider_url":"https:\/\/www.bouyguestelecom-pro.fr\/mag-business","author_name":"Rodolphe LEBLANC","author_url":"https:\/\/www.bouyguestelecom-pro.fr\/mag-business\/author\/rleblanc\/","title":"Webinar OnCloud - Perte de donn\u00e9es ou de services","type":"rich","width":600,"height":338,"html":"<blockquote class=\"wp-embedded-content\" data-secret=\"9xhiQuMKk4\"><a href=\"https:\/\/www.bouyguestelecom-pro.fr\/mag-business\/webinar-perte-de-donnees-ou-services\/\">Webinar OnCloud &#8211; Perte de donn\u00e9es ou de services<\/a><\/blockquote><iframe sandbox=\"allow-scripts\" security=\"restricted\" src=\"https:\/\/www.bouyguestelecom-pro.fr\/mag-business\/webinar-perte-de-donnees-ou-services\/embed\/#?secret=9xhiQuMKk4\" width=\"600\" height=\"338\" title=\"\u00ab\u00a0Webinar OnCloud &#8211; Perte de donn\u00e9es ou de services\u00a0\u00bb &#8212; le Mag Business\" data-secret=\"9xhiQuMKk4\" frameborder=\"0\" marginwidth=\"0\" marginheight=\"0\" scrolling=\"no\" class=\"wp-embedded-content\"><\/iframe><script type=\"text\/javascript\">\n\/* <![CDATA[ *\/\n\/*! This file is auto-generated *\/\n!function(d,l){\"use strict\";l.querySelector&&d.addEventListener&&\"undefined\"!=typeof URL&&(d.wp=d.wp||{},d.wp.receiveEmbedMessage||(d.wp.receiveEmbedMessage=function(e){var t=e.data;if((t||t.secret||t.message||t.value)&&!\/[^a-zA-Z0-9]\/.test(t.secret)){for(var s,r,n,a=l.querySelectorAll('iframe[data-secret=\"'+t.secret+'\"]'),o=l.querySelectorAll('blockquote[data-secret=\"'+t.secret+'\"]'),c=new RegExp(\"^https?:$\",\"i\"),i=0;i<o.length;i++)o[i].style.display=\"none\";for(i=0;i<a.length;i++)s=a[i],e.source===s.contentWindow&&(s.removeAttribute(\"style\"),\"height\"===t.message?(1e3<(r=parseInt(t.value,10))?r=1e3:~~r<200&&(r=200),s.height=r):\"link\"===t.message&&(r=new URL(s.getAttribute(\"src\")),n=new URL(t.value),c.test(n.protocol))&&n.host===r.host&&l.activeElement===s&&(d.top.location.href=t.value))}},d.addEventListener(\"message\",d.wp.receiveEmbedMessage,!1),l.addEventListener(\"DOMContentLoaded\",function(){for(var e,t,s=l.querySelectorAll(\"iframe.wp-embedded-content\"),r=0;r<s.length;r++)(t=(e=s[r]).getAttribute(\"data-secret\"))||(t=Math.random().toString(36).substring(2,12),e.src+=\"#?secret=\"+t,e.setAttribute(\"data-secret\",t)),e.contentWindow.postMessage({message:\"ready\",secret:t},\"*\")},!1)))}(window,document);\n\/\/# sourceURL=https:\/\/www.bouyguestelecom-pro.fr\/mag-business\/wp-includes\/js\/wp-embed.min.js\n\/* ]]> *\/\n<\/script>\n","thumbnail_url":"https:\/\/www.bouyguestelecom-pro.fr\/mag-business\/wp-content\/uploads\/2023\/06\/HUB_MAG_WEBINAR_ONCLOUD_2023@2.jpg","thumbnail_width":768,"thumbnail_height":544,"description":"Dans ce webinar de 45 minutes, nous vous confierons toutes les cl\u00e9s pour redonner de la s\u00e9r\u00e9nit\u00e9 \u00e0 vos \u00e9quipes \u00e0 travers nos solutions de sauvegarde externalis\u00e9e et de plan de reprise d\u2019activit\u00e9."}

Webinar OnCloud - Perte de données ou de services

<blockquote class="wp-embedded-content" data-secret="9xhiQuMKk4"><a href="https://www.bouyguestelecom-pro.fr/mag-business/webinar-perte-de-donnees-ou-services/">Webinar OnCloud &#8211; Perte de données ou de services</a></blockquote><iframe sandbox="allow-scripts" security="restricted" src="https://www.bouyguestelecom-pro.fr/mag-business/webinar-perte-de-donnees-ou-services/embed/#?secret=9xhiQuMKk4" width="600" height="338" title="« Webinar OnCloud &#8211; Perte de données ou de services » &#8212; le Mag Business" data-secret="9xhiQuMKk4" frameborder="0" marginwidth="0" marginheight="0" scrolling="no" class="wp-embedded-content"></iframe><script type="text/javascript">
/* <![CDATA[ */
/*! This file is auto-generated */
!function(d,l){"use strict";l.querySelector&&d.addEventListener&&"undefined"!=typeof URL&&(d.wp=d.wp||{},d.wp.receiveEmbedMessage||(d.wp.receiveEmbedMessage=function(e){var t=e.data;if((t||t.secret||t.message||t.value)&&!/[^a-zA-Z0-9]/.test(t.secret)){for(var s,r,n,a=l.querySelectorAll('iframe[data-secret="'+t.secret+'"]'),o=l.querySelectorAll('blockquote[data-secret="'+t.secret+'"]'),c=new RegExp("^https?:$","i"),i=0;i<o.length;i++)o[i].style.display="none";for(i=0;i<a.length;i++)s=a[i],e.source===s.contentWindow&&(s.removeAttribute("style"),"height"===t.message?(1e3<(r=parseInt(t.value,10))?r=1e3:~~r<200&&(r=200),s.height=r):"link"===t.message&&(r=new URL(s.getAttribute("src")),n=new URL(t.value),c.test(n.protocol))&&n.host===r.host&&l.activeElement===s&&(d.top.location.href=t.value))}},d.addEventListener("message",d.wp.receiveEmbedMessage,!1),l.addEventListener("DOMContentLoaded",function(){for(var e,t,s=l.querySelectorAll("iframe.wp-embedded-content"),r=0;r<s.length;r++)(t=(e=s[r]).getAttribute("data-secret"))||(t=Math.random().toString(36).substring(2,12),e.src+="#?secret="+t,e.setAttribute("data-secret",t)),e.contentWindow.postMessage({message:"ready",secret:t},"*")},!1)))}(window,document);
//# sourceURL=https://www.bouyguestelecom-pro.fr/mag-business/wp-includes/js/wp-embed.min.js
/* ]]> */
</script>

Dans ce webinar de 45 minutes, nous vous confierons toutes les clés pour redonner de la sérénité à vos équipes à travers nos solutions de sauvegarde externalisée et de plan de reprise d’activité.
