{"id":4985,"date":"2024-10-30T14:17:51","date_gmt":"2024-10-30T14:17:51","guid":{"rendered":"https:\/\/www.bouyguestelecom-entreprises.fr\/assistance\/?page_id=4985"},"modified":"2025-10-07T07:13:16","modified_gmt":"2025-10-07T07:13:16","slug":"home-page","status":"publish","type":"page","link":"https:\/\/www.bouyguestelecom-pro.fr\/assistance\/","title":{"rendered":"Bienvenue sur l&rsquo;Assistance de la Division Entreprises de Bouygues Telecom"},"content":{"rendered":"","protected":false},"excerpt":{"rendered":"","protected":false},"author":1,"featured_media":0,"parent":0,"menu_order":0,"comment_status":"closed","ping_status":"closed","template":"template-home-page.php","meta":{"_acf_changed":false,"footnotes":""},"class_list":["post-4985","page","type-page","status-publish","hentry"],"acf":[],"yoast_head":"<!-- This site is optimized with the Yoast SEO Premium plugin v24.6 (Yoast SEO v27.1.1) - https:\/\/yoast.com\/product\/yoast-seo-premium-wordpress\/ -->\n<title>Bienvenue sur l&#039;Assistance de la Division Entreprises de Bouygues Telecom<\/title>\n<meta name=\"description\" content=\"Acc\u00e9dez \u00e0 l&#039;assistance de la Division Entreprises de Bouygues Telecom : experts d\u00e9di\u00e9s, ressources et support technique pour tous vos services\" \/>\n<meta name=\"robots\" content=\"index, follow, max-snippet:-1, max-image-preview:large, max-video-preview:-1\" \/>\n<link rel=\"canonical\" href=\"https:\/\/www.bouyguestelecom-pro.fr\/assistance\/\" \/>\n<meta property=\"og:locale\" content=\"fr_FR\" \/>\n<meta property=\"og:type\" content=\"article\" \/>\n<meta property=\"og:title\" content=\"Bienvenue sur l&#039;Assistance de la Division Entreprises de Bouygues Telecom\" \/>\n<meta property=\"og:description\" content=\"Acc\u00e9dez \u00e0 l&#039;assistance de la Division Entreprises de Bouygues Telecom : experts d\u00e9di\u00e9s, ressources et support technique pour tous vos services\" \/>\n<meta property=\"og:url\" content=\"https:\/\/www.bouyguestelecom-pro.fr\/assistance\/\" \/>\n<meta property=\"og:site_name\" content=\"Assistance\" \/>\n<meta property=\"article:modified_time\" content=\"2025-10-07T07:13:16+00:00\" \/>\n<meta name=\"twitter:card\" content=\"summary_large_image\" \/>\n<script type=\"application\/ld+json\" class=\"yoast-schema-graph\">{\"@context\":\"https:\/\/schema.org\",\"@graph\":[{\"@type\":\"WebPage\",\"@id\":\"https:\/\/www.bouyguestelecom-pro.fr\/assistance\/\",\"url\":\"https:\/\/www.bouyguestelecom-pro.fr\/assistance\/\",\"name\":\"Bienvenue sur l'Assistance de la Division Entreprises de Bouygues Telecom\",\"isPartOf\":{\"@id\":\"https:\/\/www.bouyguestelecom-pro.fr\/assistance\/#website\"},\"datePublished\":\"2024-10-30T14:17:51+00:00\",\"dateModified\":\"2025-10-07T07:13:16+00:00\",\"description\":\"Acc\u00e9dez \u00e0 l'assistance de la Division Entreprises de Bouygues Telecom : experts d\u00e9di\u00e9s, ressources et support technique pour tous vos services\",\"breadcrumb\":{\"@id\":\"https:\/\/www.bouyguestelecom-pro.fr\/assistance\/#breadcrumb\"},\"inLanguage\":\"fr-FR\",\"potentialAction\":[{\"@type\":\"ReadAction\",\"target\":[\"https:\/\/www.bouyguestelecom-pro.fr\/assistance\/\"]}]},{\"@type\":\"BreadcrumbList\",\"@id\":\"https:\/\/www.bouyguestelecom-pro.fr\/assistance\/#breadcrumb\",\"itemListElement\":[{\"@type\":\"ListItem\",\"position\":1,\"name\":\"Accueil\",\"item\":\"https:\/\/www.bouyguestelecom-pro.fr\/assistance\/\"},{\"@type\":\"ListItem\",\"position\":2,\"name\":\"Bienvenue sur l&rsquo;Assistance de la Division Entreprises de Bouygues Telecom\"}]},{\"@type\":\"WebSite\",\"@id\":\"https:\/\/www.bouyguestelecom-pro.fr\/assistance\/#website\",\"url\":\"https:\/\/www.bouyguestelecom-pro.fr\/assistance\/\",\"name\":\"Assistance\",\"description\":\"\",\"potentialAction\":[{\"@type\":\"SearchAction\",\"target\":{\"@type\":\"EntryPoint\",\"urlTemplate\":\"https:\/\/www.bouyguestelecom-pro.fr\/assistance\/?s={search_term_string}\"},\"query-input\":{\"@type\":\"PropertyValueSpecification\",\"valueRequired\":true,\"valueName\":\"search_term_string\"}}],\"inLanguage\":\"fr-FR\"}]}<\/script>\n<!-- \/ Yoast SEO Premium plugin. -->","yoast_head_json":{"title":"Bienvenue sur l'Assistance de la Division Entreprises de Bouygues Telecom","description":"Acc\u00e9dez \u00e0 l'assistance de la Division Entreprises de Bouygues Telecom : experts d\u00e9di\u00e9s, ressources et support technique pour tous vos services","robots":{"index":"index","follow":"follow","max-snippet":"max-snippet:-1","max-image-preview":"max-image-preview:large","max-video-preview":"max-video-preview:-1"},"canonical":"https:\/\/www.bouyguestelecom-pro.fr\/assistance\/","og_locale":"fr_FR","og_type":"article","og_title":"Bienvenue sur l'Assistance de la Division Entreprises de Bouygues Telecom","og_description":"Acc\u00e9dez \u00e0 l'assistance de la Division Entreprises de Bouygues Telecom : experts d\u00e9di\u00e9s, ressources et support technique pour tous vos services","og_url":"https:\/\/www.bouyguestelecom-pro.fr\/assistance\/","og_site_name":"Assistance","article_modified_time":"2025-10-07T07:13:16+00:00","twitter_card":"summary_large_image","schema":{"@context":"https:\/\/schema.org","@graph":[{"@type":"WebPage","@id":"https:\/\/www.bouyguestelecom-pro.fr\/assistance\/","url":"https:\/\/www.bouyguestelecom-pro.fr\/assistance\/","name":"Bienvenue sur l'Assistance de la Division Entreprises de Bouygues Telecom","isPartOf":{"@id":"https:\/\/www.bouyguestelecom-pro.fr\/assistance\/#website"},"datePublished":"2024-10-30T14:17:51+00:00","dateModified":"2025-10-07T07:13:16+00:00","description":"Acc\u00e9dez \u00e0 l'assistance de la Division Entreprises de Bouygues Telecom : experts d\u00e9di\u00e9s, ressources et support technique pour tous vos services","breadcrumb":{"@id":"https:\/\/www.bouyguestelecom-pro.fr\/assistance\/#breadcrumb"},"inLanguage":"fr-FR","potentialAction":[{"@type":"ReadAction","target":["https:\/\/www.bouyguestelecom-pro.fr\/assistance\/"]}]},{"@type":"BreadcrumbList","@id":"https:\/\/www.bouyguestelecom-pro.fr\/assistance\/#breadcrumb","itemListElement":[{"@type":"ListItem","position":1,"name":"Accueil","item":"https:\/\/www.bouyguestelecom-pro.fr\/assistance\/"},{"@type":"ListItem","position":2,"name":"Bienvenue sur l&rsquo;Assistance de la Division Entreprises de Bouygues Telecom"}]},{"@type":"WebSite","@id":"https:\/\/www.bouyguestelecom-pro.fr\/assistance\/#website","url":"https:\/\/www.bouyguestelecom-pro.fr\/assistance\/","name":"Assistance","description":"","potentialAction":[{"@type":"SearchAction","target":{"@type":"EntryPoint","urlTemplate":"https:\/\/www.bouyguestelecom-pro.fr\/assistance\/?s={search_term_string}"},"query-input":{"@type":"PropertyValueSpecification","valueRequired":true,"valueName":"search_term_string"}}],"inLanguage":"fr-FR"}]}},"_links":{"self":[{"href":"https:\/\/www.bouyguestelecom-pro.fr\/assistance\/wp-json\/wp\/v2\/pages\/4985","targetHints":{"allow":["GET"]}}],"collection":[{"href":"https:\/\/www.bouyguestelecom-pro.fr\/assistance\/wp-json\/wp\/v2\/pages"}],"about":[{"href":"https:\/\/www.bouyguestelecom-pro.fr\/assistance\/wp-json\/wp\/v2\/types\/page"}],"author":[{"embeddable":true,"href":"https:\/\/www.bouyguestelecom-pro.fr\/assistance\/wp-json\/wp\/v2\/users\/1"}],"replies":[{"embeddable":true,"href":"https:\/\/www.bouyguestelecom-pro.fr\/assistance\/wp-json\/wp\/v2\/comments?post=4985"}],"version-history":[{"count":12,"href":"https:\/\/www.bouyguestelecom-pro.fr\/assistance\/wp-json\/wp\/v2\/pages\/4985\/revisions"}],"predecessor-version":[{"id":5369,"href":"https:\/\/www.bouyguestelecom-pro.fr\/assistance\/wp-json\/wp\/v2\/pages\/4985\/revisions\/5369"}],"wp:attachment":[{"href":"https:\/\/www.bouyguestelecom-pro.fr\/assistance\/wp-json\/wp\/v2\/media?parent=4985"}],"curies":[{"name":"wp","href":"https:\/\/api.w.org\/{rel}","templated":true}]}}